at are the prime factors of 38173694?
2, 13, 1468219
List the prime factors of 845138146.
2, 311, 1358743
What are the prime factors of 8166306107?
2251, 3627857
What are the prime factors of 70721939?
4451, 15889
What are the prime factors of 61371698?
2, 2011, 15259
List the prime factors of 963762078.
2, 3, 160627013
What are the prime factors of 77714204?
2, 19428551
What are the prime factors of 783188085?
3, 5, 131, 398569
What are the prime factors of 117415044?
2, 3, 367, 8887
List the prime factors of 28116394.
2, 53, 265249
List the prime factors of 130464298.
2, 19, 631, 5441
What are the prime factors of 739765688?
2, 92470711
What are the prime factors of 3563975585?
5, 79, 9022723
List the prime factors of 337162817.
337162817
What are the prime factors of 169813916?
2, 523, 81173
List the prime factors of 2427939.
3, 101, 2671
What are the prime factors of 503262607?
29, 17353883
List the prime factors of 2903104692.
2, 3, 109, 246611
List the prime factors of 51942591.
3, 103, 137, 409
List the prime factors of 681810874.
2, 17, 1949, 10289
List the prime factors of 20680369.
20680369
List the prime factors of 1286531608.
2, 160816451
What are the prime factors of 683425004?
2, 170856251
List the prime factors of 1570563303.
3, 23, 59, 385793
What are the prime factors of 26182405?
5, 5236481
What are the prime factors of 39946405?
5, 67, 119243
List the prime factors of 10837282.
2, 499, 10859
List the prime factors of 1497326797.
53, 1039, 27191
List the prime factors of 1032455291.
7, 1321, 111653
List the prime factors of 24274141.
1279, 18979
List the prime factors of 1074510078.
2, 3, 19, 9425527
What are the prime factors of 560783?
560783
List the prime factors of 105262729.
11, 13, 659, 1117
What are the prime factors of 381543701?
7, 11, 191, 25943
What are the prime factors of 525290932?
2, 131322733
What are the prime factors of 212625258?
2, 3, 283, 125221
What are the prime factors of 118383341?
71, 223, 7477
What are the prime factors of 103670505?
3, 5, 17, 29, 4673
What are the prime factors of 69571175?
5, 2782847
What are the prime factors of 98998227?
3, 19, 192979
List the prime factors of 53034392.
2, 59, 112361
List the prime factors of 1236482.
2, 13, 19, 2503
List the prime factors of 555147858.
2, 3, 487, 189989
What are the prime factors of 31434297?
3, 353, 29683
What are the prime factors of 48157549?
11, 17, 43, 53, 113
What are the prime factors of 1564139817?
3, 23, 7556231
List the prime factors of 2967430434.
2, 3, 349, 953, 1487
What are the prime factors of 372332046?
2, 3, 269, 349, 661
What are the prime factors of 257422135?
5, 37, 61, 22811
List the prime factors of 3231157031.
53, 60965227
List the prime factors of 1068801446.
2, 31, 1087, 15859
List the prime factors of 44393407.
379, 117133
List the prime factors of 36280280.
2, 5, 59, 15373
What are the prime factors of 76666408?
2, 7, 13, 53, 1987
List the prime factors of 113952606.
2, 3, 3307, 5743
What are the prime factors of 38968492?
2, 43, 71, 3191
List the prime factors of 337138867.
13, 853, 30403
What are the prime factors of 3588405569?
7, 19, 4111, 6563
What are the prime factors of 98321769?
3, 7, 13, 13339
What are the prime factors of 137244885?
3, 5, 19, 397, 1213
List the prime factors of 1238201267.
1238201267
What are the prime factors of 531883756?
2, 557, 238727
What are the prime factors of 1559691768?
2, 3, 6229, 10433
List the prime factors of 789765246.
2, 3, 73, 601039
List the prime factors of 31575323.
13, 131, 18541
What are the prime factors of 47337586?
2, 53, 61, 7321
What are the prime factors of 46152068?
2, 11538017
List the prime factors of 88455232.
2, 1382113
What are the prime factors of 31350947?
31350947
List the prime factors of 180414842.
2, 19, 41, 43, 2693
What are the prime factors of 274310931?
3, 67, 1364731
List the prime factors of 43036877.
13, 17, 193, 1009
What are the prime factors of 395379549?
3, 31, 101, 1559
List the prime factors of 9836178.
2, 3, 11, 149033
List the prime factors of 448959487.
448959487
List the prime factors of 370161734.
2, 67, 2762401
What are the prime factors of 189045010?
2, 5, 7, 11, 245513
List the prime factors of 611298366.
2, 3, 7, 29, 79, 6353
List the prime factors of 907769689.
17, 43, 1241819
What are the prime factors of 84279216?
2, 3, 7, 5119
What are the prime factors of 767320196?
2, 191830049
What are the prime factors of 3185253499?
19, 67, 2502163
List the prime factors of 33798781.
47, 73, 9851
List the prime factors of 3034320068.
2, 13, 127, 459467
What are the prime factors of 69253174?
2, 34626587
List the prime factors of 2230356181.
2230356181
List the prime factors of 156361266.
2, 3, 193, 1667
List the prime factors of 3188497994.
2, 11, 31, 4675217
List the prime factors of 35896016.
2, 13, 19, 31, 293
List the prime factors of 134606599.
79, 577, 2953
What are the prime factors of 143915077?
149, 739, 1307
List the prime factors of 21308573.
11, 13, 149011
What are the prime factors of 3500514883?
36779, 95177
What are the prime factors of 533353385?
5, 257, 415061
List the prime factors of 44584972.
2, 149, 239, 313
List the prime factors of 609173146.
2, 304586573
What are the prime factors of 3854800835?
5, 317, 619, 3929
What are the prime factors of 406896788?
2, 43, 1373, 1723
List the prime factors of 82862312.
2, 13, 41, 19433
What are the prime factors of 731405789?
731405789
What are the prime factors of 504955747?
661, 763927
What are the prime factors of 25255843?
25255843
What are the prime factors of 2483419943?
2483419943
List the prime factors of 129777443.
53, 2448631
What are the prime factors of 930684415?
5, 6803, 27361
What are the prime factors of 1420915689?
3, 23, 33161
List the prime factors of 59479997.
59479997
What are the prime factors of 103628405?
5, 71, 83, 3517
What are the prime factors of 177823711?
13, 251, 54497
What are the prime factors of 128021154?
2, 3, 109, 195751
List the prime factors of 31301425.
5, 1252057
What are the prime factors of 197745158?
2, 13, 2137, 3559
What are the prime factors of 529596642?
2, 3, 761, 115987
What are the prime factors of 1075060756?
2, 7, 11, 17, 23, 79, 113
What are the prime factors of 732443087?
732443087
List the prime factors of 158143853.
7, 97, 232907
What are the prime factors of 68896906?
2, 13, 103, 1979
What are the prime factors of 62334892?
2, 15583723
List the prime factors of 351256578.
2, 3, 58542763
List the prime factors of 1892803863.
3, 630934621
List the prime factors of 2252077227.
3, 17, 43, 97, 3529
What are the prime factors of 20166976?
2, 315109
List the prime factors of 114515745.
3, 5, 313, 24391
List the prime factors of 53586988.
2, 7, 13, 21031
What are the prime factors of 223776407?
23, 37, 262957
What are the prime factors of 41321260?
2, 5, 107, 19309
List the prime factors of 310434181.
37, 347, 24179
List the prime factors of 2468840305.
5, 269, 1835569
What are the prime factors of 827919197?
7, 9431, 12541
List the prime factors of 544723145.
5, 23, 4736723
What are the prime factors of 1695285983?
2293, 739331
List the prime factors of 17950254.
2, 3, 7, 37, 11551
What are the prime factors of 59147160?
2, 3, 5, 492893
List the prime factors of 65057275.
5, 2602291
What are the prime factors of 58132812?
2, 3, 31, 71
What are the prime factors of 165571?
7, 31, 109
List the prime factors of 207935906.
2, 103967953
What are the prime factors of 381714203?
13, 1471, 19961
List the prime factors of 1018447431.
3, 3889, 87293
List the prime factors of 37979456.
2, 593429
List the prime factors of 53842074.
2, 3, 11, 13, 62753
List the prime factors of 889951836.
2, 3, 17, 607, 7187
List the prime factors of 1683114490.
2, 5, 127, 1325287
What are the prime factors of 1748932886?
2, 47, 3181, 5849
List the prime factors of 184080027.
3, 2251, 27259
What are the prime factors of 896436049?
107, 8377907
List the prime factors of 33695770.
2, 5, 3369577
List the prime factors of 22813705.
5, 4562741
List the prime factors of 87801066.
2, 3, 1447, 3371
What are the prime factors of 289637785?
5, 59, 981823
What are the prime factors of 4273145?
5, 854629
What are the prime factors of 14414544?
2, 3, 61, 547
What